f f and 705.
15
Suppose 0 = -3*h - h + 32. Let c be 46/14 - h/28. Suppose 2*y = c*x - 52 - 17, -3*x + 69 = -y. Calculate the highest common factor of 23 and x.
23
Suppose -6*z - 24*z + 120 = 0. Let s be z/5*(-240)/(-4). Calculate the greatest common divisor of s and 84.
12
Suppose -29*u + 2020 = 1179. Calculate the greatest common factor of 899 and u.
29
Suppose 4819920 = 229*k + 151*k. Calculate the greatest common divisor of k and 420.
84
Let y be 27/(-9) + 9/(-1 - -2). Let c(u) = 7*u - 5 - 10 - 2*u. Let f be c(y). What is the highest common factor of f and 135?
15
Suppose -4*o + 706 = -671*r + 676*r, 2*r = 4*o + 288. What is the greatest common factor of 34 and r?
2
Let v(w) = -w**2 + 22*w - 28. Suppose 5*g + 17 = 2*b + 71, 2*g + 3*b = 33. Let j be v(g). Calculate the greatest common divisor of 115 and j.
23
Let g(k) = 626*k - 3692. Let x be g(6). Let d be ((-2)/(-3))/(2/9). Let c be (-2)/(-3) + 478/d. What is the greatest common factor of x and c?
32
Let k be (4/10)/((-1)/(-10)). Let y(f) = -5*f + 128. Let z be y(24). Suppose 4*p = -3*b + z, 4*b - 21 = 4*p + p. What is the greatest common divisor of b and k?
4
Let p = 214 + 9. Let y = -221 + p. Calculate the greatest common divisor of y and 8.
2
Let u be 22/(-12) - -2 - 34775/900*-6. Let f = -13 + 21. What is the greatest common divisor of u and f?
8
Suppose 15336 = 3*c - 3*g, -3*c - 4*g + 3385 + 11930 = 0. What is the highest common factor of c and 117?
39
Suppose 3*o + o = 88. Let l be (2296/84)/(1/3). Suppose -4*h = -k - 709, l - 233 = -h - 5*k. Calculate the highest common factor of o and h.
22
Suppose -39 = -23*z + 10*z. Let a(k) = -6 + 5*k + 3 - k**2 + 4. Let y be a(z). Calculate the greatest common divisor of y and 21.
7
Suppose -104 = -35*p - 17*p. Let q(d) = -d**3 - 11*d**2 - 11*d. Let l be q(-10). What is the greatest common factor of p and l?
2
Let g(y) = y**3 - 2*y**2 + 27*y - 23. Let z be g(5). What is the highest common factor of 88 and z?
11
Let z be (14 - 2) + (23 - 25). Calculate the highest common divisor of z and 790.
10
Suppose 5*q + 3*s - 738 = 0, 0 = q - 107*s + 105*s - 158. What is the greatest common factor of 6060 and q?
30
Let n(p) be the second derivative of 11*p**3/6 - 229*p**2/2 - 283*p. Let m be n(22). Calculate the greatest common factor of m and 221.
13
Let d be 2 - 204/(-8)*(-8)/3. Let g = d - -46. Let p = g - -155. What is the greatest common factor of 15 and p?
15
Let n = 31 + -25. Suppose 0 = -n*z + 3*z + s + 11, z - 3 = s. Suppose 4*d = 4*b - d - 29, 0 = -4*b - z*d + 56. Calculate the highest common divisor of 33 and b.
11
Let b(a) = -a**2 + 31*a + 74. Let w be b(31). Let k = w + -65. Let r(f) = -4*f - 2. Let z be r(-5). Calculate the greatest common divisor of z and k.
9
Suppose 17*p = -14 + 65. Suppose -p*d = 20 - 26. Let n be (d + 22)*4/(-8)*-3. Calculate the greatest common factor of n and 90.
18
Let t be (1 - (-1 - 24/(-10)))*20. Let c be 2/t + (-65)/(-4). Suppose j + c = 42. What is the highest common divisor of 52 and j?
26
Let r(s) = s - 2. Let a(l) = 10*l + 163. Let d(w) = a(w) + 6*r(w). Let x be d(14). What is the greatest common divisor of x and 30?
15
Let q be (18*28/(-32))/(6/(-16)). Let v = -105 + q. Let t = 148 + v. What is the highest common factor of 17 and t?
17
Let u(d) = -d**2 + d + 4. Let g be u(0). Suppose -g*z + 3 = -37. Let p be 781/26 - 45/30*(-61)/(-2379). What is the highest common divisor of z and p?
10
Let m(c) = -c + 13. Let y be m(9). Suppose 3 = o - 3*u, -y*o + 7*o + 3*u = 9. Suppose 0 = -i - 7 + 16. Calculate the greatest common factor of o and i.
3
Suppose 0 = -g + 28 - 27, 134 = 5*j + 4*g. Suppose -8 = -2*q, 0*q + 1814 = 3*l + 5*q. What is the greatest common divisor of j and l?
26
Suppose 16*j - 160556 - 232923 = -27095. Calculate the highest common factor of 34 and j.
17
Let k = 465 - 785. Let g be k/6*-30*(-1)/(-8). Calculate the highest common divisor of g and 150.
50
Let b be (-484)/3*6/(-4). Suppose 0 = 2*x - 6, -12 = r - 4*x - x. Suppose -3 = -r*q + 63. What is the greatest common divisor of b and q?
22
Let u(t) = -t**3 - 3*t**2 - 10*t + 1. Let l be u(-7). What is the greatest common factor of 21 and l?
3
Let l be ((-4)/(-3 + 7))/((-2)/6). Suppose -l*f - 2 = 1. Let w be 48*(f + (0 - -2)). Calculate the greatest common factor of w and 6.
6
Let z be 800/(-100) + (-40)/(-3 - -1). Calculate the greatest common divisor of 96 and z.
12
Let g(k) = 6*k**2 + 22*k. Let s(q) = -q**2 - q - 2. Let v(c) = 2*g(c) + 10*s(c). Let u be v(-18). What is the highest common factor of u and 200?
8
Suppose -3*u = -5*u + 22. Let b be (-13 - -7)/(2/6). Let j = b - -62. What is the highest common divisor of u and j?
11
Suppose 118*n = 51*n + 58*n + 465750. Calculate the greatest common factor of n and 230.
230
Let w = -148 - -223. Let u(p) = -40*p + 133. Let q be u(1). Let z = q - w. What is the greatest common divisor of z and 162?
18
Suppose 4*p = p, -3*y + 33 = -2*p. Let x be (-36)/4 + -4 - (-25)/5. Let a(z) = 5*z**2 + 39*z + 3. Let u be a(x). What is the highest common divisor of y and u?
11
Suppose -6*l = -6*l + 4*l. Let q be (l + (-496)/(-6))*(-63)/(-7). What is the greatest common factor of q and 24?
24
Let i(r) = r**2 - 13*r + 22. Let t be i(11). Let u be ((-2)/(-4))/(9/180) + t. Calculate the greatest common factor of u and 230.
10
Let n = -1387 + 2757. Let m = n + -962. What is the greatest common divisor of 24 and m?
24
Let k(l) = 4*l**3 + 427*l**2 - 113*l - 367. Let g be k(-107). What is the highest common factor of g and 5200?
25
Suppose 0 = j - 4 - 1. Suppose -j*h = -0*h - 30. Let k be 1250/h + 0 + (-8)/(-12). What is the greatest common factor of 19 and k?
19
Let g be 6 + (-160)/(-25) + -7 + 272919/15. Calculate the greatest common divisor of 175 and g.
175
Let j(c) = 183*c + 2750. Let x be j(-15). What is the greatest common divisor of 1345 and x?
5
Let g = 9006 + -8997. What is the greatest common factor of g and 10377?
9
Let s be (-76)/456 + ((-362)/(-12) - -2). Suppose 2*j - 52 = s. Calculate the greatest common divisor of j and 525.
21
Suppose 4*l + 2*p = 1067 + 1061, 0 = 4*l + 4*p - 2124. Calculate the greatest common factor of l and 26.
13
Let u be 19/(3458/156624) - (-4)/(-7). Calculate the greatest common divisor of 480 and u.
20
Let p = 144 - 149. Let n(b) = b**2 + 7*b + 18. Let z be n(p). What is the greatest common divisor of 136 and z?
8
Suppose -2*c = -2*v + 424, -5*v + 0*v - 4*c = -1024. Let n be 20*3608/205 + 2*6. Calculate the highest common divisor of v and n.
52
Suppose 3*o - 186 = w, 270 = 3*o + 3*w + 72. What is the highest common divisor of 117 and o?
9
Suppose -124*v = -82*v - 18564. What is the greatest common factor of 234 and v?
26
Let b(p) = -3*p - 1. Let t(l) = -2*l**3 + 9*l**2 - 7*l + 3. Let w be t(4). Let j be b(w). Calculate the highest common divisor of j and 8.
2
Suppose v = 4, -3*d = -v + 436 - 1251. What is the highest common divisor of d and 63?
21
Suppose -21*j + 19*j + 1424 = 0. Suppose -26*t + j + 536 = 0. What is the highest common factor of 312 and t?
24
Let l be (-68)/(-24) + (-11)/(-66). Let b = 0 - -3. Suppose l*j - 408 - 170 = -2*f, -563 = -b*j - 5*f. Calculate the greatest common factor of 28 and j.
28
Suppose 89*b - 88*b + 7116 = 5*x, -x + 3*b + 1398 = 0. Calculate the highest common divisor of 57 and x.
57
Let f(k) = -k + 358. Let g be f(-16). Let q = -362 - -396. What is the highest common factor of q and g?
34
Let q(l) = 8*l**2 - 56*l - 118. Let y be q(-2). Calculate the greatest common factor of y and 364.
26
Let f = 57 + -41. Let g be 44/f*1*20. Let r = -248 - -270. Calculate the greatest common divisor of r and g.
11
Suppose -9 - 144 = -3*o. Let m = o - -19. Suppose -3*a - 5*i = -74, 6*a - 2*a - 122 = 5*i. What is the highest common divisor of a and m?
14
Let j(q) = 25*q + 85. Let u(d) = 13*d + 42. Let g(p) = -4*j(p) + 7*u(p). Let r be g(-4). Let t be (6/(-5))/(2/r). What is the highest common factor of t and 4?
2
Let j = -22592 - -22661. What is the highest common divisor of 7705 and j?
23
Suppose 5*f + 38 = -4*d, f + 3*d = -5 - 7. Let w(i) = -24*i - 14. Let h be w(f). Let y be 2 - 1*96/(-4). What is the greatest common factor of y and h?
26
Suppose -5*z - 1650 + 173 = -4*t, 0 = 2*t - 2*z - 736. What is the highest common divisor of 132 and t?
33
Suppose -262 + 7942